{"id":8,"date":"2016-08-01T18:49:49","date_gmt":"2016-08-01T18:49:49","guid":{"rendered":"http:\/\/www.hospitalstacruz.com.br\/cursoventilacao\/?page_id=8"},"modified":"2016-08-02T18:33:04","modified_gmt":"2016-08-02T18:33:04","slug":"curso-de-ventilacao-mecanica","status":"publish","type":"page","link":"https:\/\/www.hospitalstacruz.com.br\/cursoventilacao\/","title":{"rendered":"CURSO DE VENTILA\u00c7\u00c3O MEC\u00c2NICA"},"content":{"rendered":"<p><strong>Quando: <\/strong>30\/09 (tarde e noite), 01-10 (manh\u00e3 e tarde) e 02-10 (manh\u00e3) &#8211; <strong>(Carga Hor\u00e1ria Total: 20 horas)<\/strong><\/p>\n<p><strong>Local:<\/strong> Hospital Santa Cruz \u2013 Santa Cruz do Sul &#8211; RS<\/p>\n<p><strong>Investimento:<\/strong> R$ 300,00 at\u00e9 dia 15 de setembro. A partir dessa data inscri\u00e7\u00f5es no valor de R$ 350,00.<\/p>\n<p><strong>Per\u00edodo de Inscri\u00e7\u00f5es:<\/strong> 15\/08\/2016 \u00e0 29\/09\/2016.<\/p>\n<p><strong>Informa\u00e7\u00f5es:<\/strong> Secretaria de Ensino, Pesquisa e Extens\u00e3o do HSC com Lilian Graff ou Augusto Hirsch: e-mail: <a href=\"mailto:sephsc@unisc.br\">sephsc@unisc.br<\/a> ou atrav\u00e9s do telefone: 0xx 51 3713-7428. <strong>VAGAS LIMITADAS.<\/strong><\/p>\n<p><strong>Ministrante:<\/strong><\/p>\n<p><a href=\"https:\/\/www.hospitalstacruz.com.br\/cursoventilacao\/wp-content\/uploads\/sites\/5\/2016\/08\/ministrante.jpg\"><img fetchpriority=\"high\" decoding=\"async\" class=\"alignright size-medium wp-image-9\" src=\"https:\/\/www.hospitalstacruz.com.br\/cursoventilacao\/wp-content\/uploads\/sites\/5\/2016\/08\/ministrante-228x300.jpg\" alt=\"ministrante\" width=\"228\" height=\"300\" srcset=\"https:\/\/www.hospitalstacruz.com.br\/cursoventilacao\/wp-content\/uploads\/sites\/5\/2016\/08\/ministrante-228x300.jpg 228w, https:\/\/www.hospitalstacruz.com.br\/cursoventilacao\/wp-content\/uploads\/sites\/5\/2016\/08\/ministrante.jpg 478w\" sizes=\"(max-width: 228px) 100vw, 228px\" \/><\/a><\/p>\n<p><strong>Prof. Dr. Sergio Nemer<\/strong><\/p>\n<p>Maior produ\u00e7\u00e3o cient\u00edfica nacional em Congressos Mundiais de Terapia Intensiva, apresentando estudos cient\u00edficos nos seis continentes.<\/p>\n<p>Autor de v\u00e1rios artigos nacionais e internacionais.<\/p>\n<p>Autor do <em>\u00cdndice Integrativo de desmame<\/em>, estudo altamente acessado mundialmente e reproduzido em v\u00e1rios pa\u00edses.<\/p>\n<p>Fisioterapeuta, Doutor em Pneumologia pela USP.<\/p>\n<p>Especialista em Neurofisiologia, Fisioterapia Respirat\u00f3ria e Neurol\u00f3gica.<\/p>\n<p>Forma\u00e7\u00e3o Internacional em PNF, Bobath, Osteopatia m\u00fasculo-esquel\u00e9tica, Mailtland, Mulligan e Neurodin\u00e2mica.<\/p>\n<p>Professor e Coordenador da P\u00f3s-Gradua\u00e7\u00e3o de Fisioterapia em UTI da UNIGRANRIO e do Complexo Hospitalar de Niter\u00f3i \u2013 Rio de Janeiro.<\/p>\n<p>Fisioterapeuta do Governo do Estado do Rio de Janeiro<\/p>\n","protected":false},"excerpt":{"rendered":"<p>Quando: 30\/09 (tarde e noite), 01-10 (manh\u00e3 e tarde) e 02-10 (manh\u00e3) &#8211; (Carga Hor\u00e1ria Total: 20 horas) Local: Hospital Santa Cruz \u2013 Santa Cruz do Sul &#8211; RS Investimento: R$ 300,00 at\u00e9 dia 15 de setembro. A partir dessa data inscri\u00e7\u00f5es no valor de R$ 350,00. Per\u00edodo de Inscri\u00e7\u00f5es: 15\/08\/2016 \u00e0 29\/09\/2016. Informa\u00e7\u00f5es: Secretaria [&hellip;]<\/p>\n","protected":false},"author":1,"featured_media":0,"parent":0,"menu_order":0,"comment_status":"open","ping_status":"open","template":"page-home.php","meta":{"om_disable_all_campaigns":false,"_monsterinsights_skip_tracking":false,"_monsterinsights_sitenote_active":false,"_monsterinsights_sitenote_note":"","_monsterinsights_sitenote_category":0,"footnotes":""},"class_list":["post-8","page","type-page","status-publish","hentry"],"aioseo_notices":[],"_links":{"self":[{"href":"https:\/\/www.hospitalstacruz.com.br\/cursoventilacao\/wp-json\/wp\/v2\/pages\/8","targetHints":{"allow":["GET"]}}],"collection":[{"href":"https:\/\/www.hospitalstacruz.com.br\/cursoventilacao\/wp-json\/wp\/v2\/pages"}],"about":[{"href":"https:\/\/www.hospitalstacruz.com.br\/cursoventilacao\/wp-json\/wp\/v2\/types\/page"}],"author":[{"embeddable":true,"href":"https:\/\/www.hospitalstacruz.com.br\/cursoventilacao\/wp-json\/wp\/v2\/users\/1"}],"replies":[{"embeddable":true,"href":"https:\/\/www.hospitalstacruz.com.br\/cursoventilacao\/wp-json\/wp\/v2\/comments?post=8"}],"version-history":[{"count":2,"href":"https:\/\/www.hospitalstacruz.com.br\/cursoventilacao\/wp-json\/wp\/v2\/pages\/8\/revisions"}],"predecessor-version":[{"id":12,"href":"https:\/\/www.hospitalstacruz.com.br\/cursoventilacao\/wp-json\/wp\/v2\/pages\/8\/revisions\/12"}],"wp:attachment":[{"href":"https:\/\/www.hospitalstacruz.com.br\/cursoventilacao\/wp-json\/wp\/v2\/media?parent=8"}],"curies":[{"name":"wp","href":"https:\/\/api.w.org\/{rel}","templated":true}]}}